{"id":3931,"date":"2025-04-17T13:28:58","date_gmt":"2025-04-17T12:28:58","guid":{"rendered":"https:\/\/musiqueenchemin.fr\/?page_id=3931"},"modified":"2025-09-01T10:15:16","modified_gmt":"2025-09-01T09:15:16","slug":"festival-2025","status":"publish","type":"page","link":"https:\/\/musiqueenchemin.fr\/index.php\/festival-2025\/","title":{"rendered":"Festival 2024"},"content":{"rendered":"\n<p><\/p>\n\n\n\n<h1 class=\"wp-block-heading\">Festival 2024<\/h1>\n\n\n\n<h2 class=\"wp-block-heading\"><strong><a href=\"http:\/\/musiqueenchemin.fr\/index.php\/2024\/03\/09\/jeudi-18-juillet-2\/\" target=\"_blank\" rel=\"noreferrer noopener\">Jeudi 18 juillet<\/a><\/strong><\/h2>\n\n\n\n<h4 class=\"wp-block-heading\">19h \u2022 Espace festival&nbsp;<mark>Ap\u00e9ritif et restauration<\/mark><\/h4>\n\n\n\n<hr class=\"wp-block-separator has-alpha-channel-opacity\"\/>\n\n\n\n<h4 class=\"wp-block-heading\">20h30 \u2013 Coll\u00e9giale de La Romieu<\/h4>\n\n\n\n<h1 class=\"wp-block-heading\"><mark>Sortil\u00e8ge<\/mark><\/h1>\n\n\n\n<h3 class=\"wp-block-heading\"><em>Alchimies musicales d\u2019hier et d\u2019aujourd\u2019hui<\/em><\/h3>\n\n\n\n<h5 class=\"wp-block-heading\">Ensemble La Main Harmonique<br>Ch\u0153ur Ambr\u00f2sia<br>Direction Fr\u00e9d\u00e9ric B\u00e9tous<br>Nadia Lavoyer &amp; Judith Derouin, sopranos<br>Fr\u00e9d\u00e9ric B\u00e9tous, contre-t\u00e9nor<br>Steve Zheng, t\u00e9nor<br>Marc Busnel, basse<\/h5>\n\n\n\n<hr class=\"wp-block-separator has-alpha-channel-opacity\"\/>\n\n\n\n<h2 class=\"wp-block-heading\"><strong><a href=\"http:\/\/musiqueenchemin.fr\/index.php\/2024\/03\/09\/vendredi-19-juillet\/\" target=\"_blank\" rel=\"noreferrer noopener\">Vendredi 19 juillet<\/a><\/strong><\/h2>\n\n\n\n<h4 class=\"wp-block-heading\">14h30 \u2022 Salle des F\u00eates<\/h4>\n\n\n\n<h1 class=\"wp-block-heading\"><mark>\u00ab&nbsp;\u00c0 la d\u00e9couverte de notre voix&nbsp;\u00bb<\/mark><\/h1>\n\n\n\n<h3 class=\"wp-block-heading\">Atelier public<\/h3>\n\n\n\n<h5 class=\"wp-block-heading\">Nadia Lavoyer,<br>chanteuse professionnelle<\/h5>\n\n\n\n<hr class=\"wp-block-separator has-alpha-channel-opacity\"\/>\n\n\n\n<h4 class=\"wp-block-heading\">19h \u2022 clo\u00eetre de la Coll\u00e9giale<\/h4>\n\n\n\n<h1 class=\"wp-block-heading\"><mark>Viaje a Espa\u00f1a<\/mark><\/h1>\n\n\n\n<h3 class=\"wp-block-heading\">Concert Baroque<\/h3>\n\n\n\n<h4 class=\"wp-block-heading\">\u0152uvres de Murica, Sanz, Brice\u00f1o<\/h4>\n\n\n\n<h5 class=\"wp-block-heading\">Ensemble La N\u00e9buleuse<br>Gabriel Rignol, guitare baroque<br>Pierre-Baptiste Brioude-Dh\u00e9nain, luth Renaissance<br>Imanol Iraola, chant et percussions<\/h5>\n\n\n\n<hr class=\"wp-block-separator has-alpha-channel-opacity\"\/>\n\n\n\n<h4 class=\"wp-block-heading\">20h30 \u2022 Espace festival&nbsp;<mark>Ap\u00e9ritif et restauration<\/mark><\/h4>\n\n\n\n<hr class=\"wp-block-separator has-alpha-channel-opacity\"\/>\n\n\n\n<h4 class=\"wp-block-heading\">21h30 \u2022 Espace festival<\/h4>\n\n\n\n<h1 class=\"wp-block-heading\"><mark>Licotissa<\/mark><\/h1>\n\n\n\n<h3 class=\"wp-block-heading\">Bal Trad\u2019<\/h3>\n\n\n\n<h5 class=\"wp-block-heading\">Mathilde Duffau, fl\u00fbte \u00e0 trois trous, tambourin et chant<br>Anne-Lise Herbel, accord\u00e9on diatonique, clarinette et chant<\/h5>\n\n\n\n<hr class=\"wp-block-separator has-alpha-channel-opacity\"\/>\n\n\n\n<h2 class=\"wp-block-heading\"><strong><a href=\"http:\/\/musiqueenchemin.fr\/index.php\/2024\/03\/09\/samedi-20-juillet\/\" target=\"_blank\" rel=\"noreferrer noopener\">Samedi 20 juillet<\/a><\/strong><\/h2>\n\n\n\n<h4 class=\"wp-block-heading\">9h30 \u2022 Place du village La Romieu<\/h4>\n\n\n\n<h3 class=\"wp-block-heading\"><mark>Balade Musicale<\/mark><\/h3>\n\n\n\n<h5 class=\"wp-block-heading\">avec Imanol Iraola, chanteur &amp; instrumentiste<\/h5>\n\n\n\n<hr class=\"wp-block-separator has-alpha-channel-opacity\"\/>\n\n\n\n<h4 class=\"wp-block-heading\">12h \u2022 Coll\u00e9giale de La Romieu<\/h4>\n\n\n\n<h1 class=\"wp-block-heading\"><mark>Amarilli mia bella<\/mark><\/h1>\n\n\n\n<h3 class=\"wp-block-heading\">Concert voix et orgue<\/h3>\n\n\n\n<h4 class=\"wp-block-heading\">\u0152uvres de Guilio Caccini, Girolamo Frescobaldi, Luzzasco Luzzaschi<\/h4>\n\n\n\n<h5 class=\"wp-block-heading\">Perrine Devillers, soprane<br>Matthieu Boutineau, organiste<\/h5>\n\n\n\n<hr class=\"wp-block-separator has-alpha-channel-opacity\"\/>\n\n\n\n<h4 class=\"wp-block-heading\">14h30 \u2022 Espace festival<\/h4>\n\n\n\n<h3 class=\"wp-block-heading\"><mark>Fresque du Climat<\/mark><\/h3>\n\n\n\n<hr class=\"wp-block-separator has-alpha-channel-opacity\"\/>\n\n\n\n<h4 class=\"wp-block-heading\">19h \u2022 Clo\u00eetre de la coll\u00e9giale<\/h4>\n\n\n\n<h1 class=\"wp-block-heading\"><mark>Folklore et danse<\/mark><\/h1>\n\n\n\n<h3 class=\"wp-block-heading\">Trio Neuburger-Nemtanu-Korniluk<\/h3>\n\n\n\n<h4 class=\"wp-block-heading\">\u0152uvres de Mozart, Ravel, Piazzola, Dvorak<\/h4>\n\n\n\n<h5 class=\"wp-block-heading\">Jean-Fr\u00e9d\u00e9ric Neuburger, piano<br>Sarah Nemtanu, violon<br>Gr\u00e9goire Korniluk, violoncelle<\/h5>\n\n\n\n<hr class=\"wp-block-separator has-alpha-channel-opacity\"\/>\n\n\n\n<h4 class=\"wp-block-heading\">20h30 \u2022 Espace festival&nbsp;<mark>Ap\u00e9ritif et restauration<\/mark><\/h4>\n\n\n\n<hr class=\"wp-block-separator has-alpha-channel-opacity\"\/>\n\n\n\n<h4 class=\"wp-block-heading\">22h30 \u2022 Espace festival<\/h4>\n\n\n\n<h1 class=\"wp-block-heading\"><mark>DJ Pento<\/mark><\/h1>\n\n\n\n<hr class=\"wp-block-separator has-alpha-channel-opacity\"\/>\n\n\n\n<h2 class=\"wp-block-heading\"><strong><a href=\"http:\/\/musiqueenchemin.fr\/index.php\/2024\/03\/09\/samedi-10-aout\/?customize_changeset_uuid=20ea0937-7227-4d1b-9d36-27bf8f03fd3f\">Samedi 10 ao\u00fbt<\/a><\/strong><\/h2>\n\n\n\n<h4 class=\"wp-block-heading\">21h \u2022 Coll\u00e9giale de La Romieu<\/h4>\n\n\n\n<h1 class=\"wp-block-heading\"><mark>Stabat Mater, Pergol\u00e8se ou Bach&nbsp;?<\/mark><\/h1>\n\n\n\n<h3 class=\"wp-block-heading\">Concert baroque<\/h3>\n\n\n\n<h5 class=\"wp-block-heading\">Ensemble baroque Les Passions, sous la direction de Jean-Marc Andrieu<\/h5>\n","protected":false},"excerpt":{"rendered":"<p>Festival 2024 Jeudi 18 juillet 19h \u2022 Espace festival&nbsp;Ap\u00e9ritif et restauration 20h30 \u2013 Coll\u00e9giale de La Romieu Sortil\u00e8ge Alchimies musicales d\u2019hier et d\u2019aujourd\u2019hui Ensemble La Main HarmoniqueCh\u0153ur Ambr\u00f2siaDirection Fr\u00e9d\u00e9ric B\u00e9tousNadia Lavoyer &amp; Judith Derouin, sopranosFr\u00e9d\u00e9ric B\u00e9tous, contre-t\u00e9norSteve Zheng, t\u00e9norMarc Busnel, basse Vendredi 19 juillet 14h30 \u2022 Salle des F\u00eates \u00ab&nbsp;\u00c0 la d\u00e9couverte de notre voix&nbsp;\u00bb [&hellip;]<\/p>\n","protected":false},"author":2,"featured_media":0,"parent":0,"menu_order":0,"comment_status":"closed","ping_status":"closed","template":"","meta":{"cwp_meta_box_check":"No","cwp_rev_product_name":"","cwp_rev_product_image":"","wppr_links":[],"cwp_rev_price":"","wppr_options":[],"wppr_pros":[],"wppr_cons":[],"footnotes":""},"class_list":["post-3931","page","type-page","status-publish","hentry"],"wppr_data":{"cwp_meta_box_check":"No"},"yoast_head":"<!-- This site is optimized with the Yoast SEO plugin v25.0 - https:\/\/yoast.com\/wordpress\/plugins\/seo\/ -->\n<title>Festival 2024 - Musique en Chemin<\/title>\n<meta name=\"robots\" content=\"index, follow, max-snippet:-1, max-image-preview:large, max-video-preview:-1\" \/>\n<link rel=\"canonical\" href=\"https:\/\/musiqueenchemin.fr\/index.php\/festival-2025\/\" \/>\n<meta property=\"og:locale\" content=\"fr_FR\" \/>\n<meta property=\"og:type\" content=\"article\" \/>\n<meta property=\"og:title\" content=\"Festival 2024 - Musique en Chemin\" \/>\n<meta property=\"og:description\" content=\"Festival 2024 Jeudi 18 juillet 19h \u2022 Espace festival&nbsp;Ap\u00e9ritif et restauration 20h30 \u2013 Coll\u00e9giale de La Romieu Sortil\u00e8ge Alchimies musicales d\u2019hier et d\u2019aujourd\u2019hui Ensemble La Main HarmoniqueCh\u0153ur Ambr\u00f2siaDirection Fr\u00e9d\u00e9ric B\u00e9tousNadia Lavoyer &amp; Judith Derouin, sopranosFr\u00e9d\u00e9ric B\u00e9tous, contre-t\u00e9norSteve Zheng, t\u00e9norMarc Busnel, basse Vendredi 19 juillet 14h30 \u2022 Salle des F\u00eates \u00ab&nbsp;\u00c0 la d\u00e9couverte de notre voix&nbsp;\u00bb [&hellip;]\" \/>\n<meta property=\"og:url\" content=\"https:\/\/musiqueenchemin.fr\/index.php\/festival-2025\/\" \/>\n<meta property=\"og:site_name\" content=\"Musique en Chemin\" \/>\n<meta property=\"article:modified_time\" content=\"2025-09-01T09:15:16+00:00\" \/>\n<meta name=\"twitter:card\" content=\"summary_large_image\" \/>\n<meta name=\"twitter:label1\" content=\"Dur\u00e9e de lecture estim\u00e9e\" \/>\n\t<meta name=\"twitter:data1\" content=\"2 minutes\" \/>\n<script type=\"application\/ld+json\" class=\"yoast-schema-graph\">{\"@context\":\"https:\/\/schema.org\",\"@graph\":[{\"@type\":\"WebPage\",\"@id\":\"https:\/\/musiqueenchemin.fr\/index.php\/festival-2025\/\",\"url\":\"https:\/\/musiqueenchemin.fr\/index.php\/festival-2025\/\",\"name\":\"Festival 2024 - Musique en Chemin\",\"isPartOf\":{\"@id\":\"https:\/\/musiqueenchemin.fr\/#website\"},\"datePublished\":\"2025-04-17T12:28:58+00:00\",\"dateModified\":\"2025-09-01T09:15:16+00:00\",\"breadcrumb\":{\"@id\":\"https:\/\/musiqueenchemin.fr\/index.php\/festival-2025\/#breadcrumb\"},\"inLanguage\":\"fr-FR\",\"potentialAction\":[{\"@type\":\"ReadAction\",\"target\":[\"https:\/\/musiqueenchemin.fr\/index.php\/festival-2025\/\"]}]},{\"@type\":\"BreadcrumbList\",\"@id\":\"https:\/\/musiqueenchemin.fr\/index.php\/festival-2025\/#breadcrumb\",\"itemListElement\":[{\"@type\":\"ListItem\",\"position\":1,\"name\":\"Accueil\",\"item\":\"https:\/\/musiqueenchemin.fr\/\"},{\"@type\":\"ListItem\",\"position\":2,\"name\":\"Festival 2024\"}]},{\"@type\":\"WebSite\",\"@id\":\"https:\/\/musiqueenchemin.fr\/#website\",\"url\":\"https:\/\/musiqueenchemin.fr\/\",\"name\":\"Musique en Chemin\",\"description\":\"Saison &amp; Festival\",\"publisher\":{\"@id\":\"https:\/\/musiqueenchemin.fr\/#organization\"},\"potentialAction\":[{\"@type\":\"SearchAction\",\"target\":{\"@type\":\"EntryPoint\",\"urlTemplate\":\"https:\/\/musiqueenchemin.fr\/?s={search_term_string}\"},\"query-input\":{\"@type\":\"PropertyValueSpecification\",\"valueRequired\":true,\"valueName\":\"search_term_string\"}}],\"inLanguage\":\"fr-FR\"},{\"@type\":\"Organization\",\"@id\":\"https:\/\/musiqueenchemin.fr\/#organization\",\"name\":\"Musique en Chemin\",\"url\":\"https:\/\/musiqueenchemin.fr\/\",\"logo\":{\"@type\":\"ImageObject\",\"inLanguage\":\"fr-FR\",\"@id\":\"https:\/\/musiqueenchemin.fr\/#\/schema\/logo\/image\/\",\"url\":\"http:\/\/musiqueenchemin.fr\/wp-content\/uploads\/2024\/03\/huppe-jaune-2024.png\",\"contentUrl\":\"http:\/\/musiqueenchemin.fr\/wp-content\/uploads\/2024\/03\/huppe-jaune-2024.png\",\"width\":560,\"height\":387,\"caption\":\"Musique en Chemin\"},\"image\":{\"@id\":\"https:\/\/musiqueenchemin.fr\/#\/schema\/logo\/image\/\"}}]}<\/script>\n<!-- \/ Yoast SEO plugin. -->","yoast_head_json":{"title":"Festival 2024 - Musique en Chemin","robots":{"index":"index","follow":"follow","max-snippet":"max-snippet:-1","max-image-preview":"max-image-preview:large","max-video-preview":"max-video-preview:-1"},"canonical":"https:\/\/musiqueenchemin.fr\/index.php\/festival-2025\/","og_locale":"fr_FR","og_type":"article","og_title":"Festival 2024 - Musique en Chemin","og_description":"Festival 2024 Jeudi 18 juillet 19h \u2022 Espace festival&nbsp;Ap\u00e9ritif et restauration 20h30 \u2013 Coll\u00e9giale de La Romieu Sortil\u00e8ge Alchimies musicales d\u2019hier et d\u2019aujourd\u2019hui Ensemble La Main HarmoniqueCh\u0153ur Ambr\u00f2siaDirection Fr\u00e9d\u00e9ric B\u00e9tousNadia Lavoyer &amp; Judith Derouin, sopranosFr\u00e9d\u00e9ric B\u00e9tous, contre-t\u00e9norSteve Zheng, t\u00e9norMarc Busnel, basse Vendredi 19 juillet 14h30 \u2022 Salle des F\u00eates \u00ab&nbsp;\u00c0 la d\u00e9couverte de notre voix&nbsp;\u00bb [&hellip;]","og_url":"https:\/\/musiqueenchemin.fr\/index.php\/festival-2025\/","og_site_name":"Musique en Chemin","article_modified_time":"2025-09-01T09:15:16+00:00","twitter_card":"summary_large_image","twitter_misc":{"Dur\u00e9e de lecture estim\u00e9e":"2 minutes"},"schema":{"@context":"https:\/\/schema.org","@graph":[{"@type":"WebPage","@id":"https:\/\/musiqueenchemin.fr\/index.php\/festival-2025\/","url":"https:\/\/musiqueenchemin.fr\/index.php\/festival-2025\/","name":"Festival 2024 - Musique en Chemin","isPartOf":{"@id":"https:\/\/musiqueenchemin.fr\/#website"},"datePublished":"2025-04-17T12:28:58+00:00","dateModified":"2025-09-01T09:15:16+00:00","breadcrumb":{"@id":"https:\/\/musiqueenchemin.fr\/index.php\/festival-2025\/#breadcrumb"},"inLanguage":"fr-FR","potentialAction":[{"@type":"ReadAction","target":["https:\/\/musiqueenchemin.fr\/index.php\/festival-2025\/"]}]},{"@type":"BreadcrumbList","@id":"https:\/\/musiqueenchemin.fr\/index.php\/festival-2025\/#breadcrumb","itemListElement":[{"@type":"ListItem","position":1,"name":"Accueil","item":"https:\/\/musiqueenchemin.fr\/"},{"@type":"ListItem","position":2,"name":"Festival 2024"}]},{"@type":"WebSite","@id":"https:\/\/musiqueenchemin.fr\/#website","url":"https:\/\/musiqueenchemin.fr\/","name":"Musique en Chemin","description":"Saison &amp; Festival","publisher":{"@id":"https:\/\/musiqueenchemin.fr\/#organization"},"potentialAction":[{"@type":"SearchAction","target":{"@type":"EntryPoint","urlTemplate":"https:\/\/musiqueenchemin.fr\/?s={search_term_string}"},"query-input":{"@type":"PropertyValueSpecification","valueRequired":true,"valueName":"search_term_string"}}],"inLanguage":"fr-FR"},{"@type":"Organization","@id":"https:\/\/musiqueenchemin.fr\/#organization","name":"Musique en Chemin","url":"https:\/\/musiqueenchemin.fr\/","logo":{"@type":"ImageObject","inLanguage":"fr-FR","@id":"https:\/\/musiqueenchemin.fr\/#\/schema\/logo\/image\/","url":"http:\/\/musiqueenchemin.fr\/wp-content\/uploads\/2024\/03\/huppe-jaune-2024.png","contentUrl":"http:\/\/musiqueenchemin.fr\/wp-content\/uploads\/2024\/03\/huppe-jaune-2024.png","width":560,"height":387,"caption":"Musique en Chemin"},"image":{"@id":"https:\/\/musiqueenchemin.fr\/#\/schema\/logo\/image\/"}}]}},"_links":{"self":[{"href":"https:\/\/musiqueenchemin.fr\/index.php\/wp-json\/wp\/v2\/pages\/3931","targetHints":{"allow":["GET"]}}],"collection":[{"href":"https:\/\/musiqueenchemin.fr\/index.php\/wp-json\/wp\/v2\/pages"}],"about":[{"href":"https:\/\/musiqueenchemin.fr\/index.php\/wp-json\/wp\/v2\/types\/page"}],"author":[{"embeddable":true,"href":"https:\/\/musiqueenchemin.fr\/index.php\/wp-json\/wp\/v2\/users\/2"}],"replies":[{"embeddable":true,"href":"https:\/\/musiqueenchemin.fr\/index.php\/wp-json\/wp\/v2\/comments?post=3931"}],"version-history":[{"count":7,"href":"https:\/\/musiqueenchemin.fr\/index.php\/wp-json\/wp\/v2\/pages\/3931\/revisions"}],"predecessor-version":[{"id":4274,"href":"https:\/\/musiqueenchemin.fr\/index.php\/wp-json\/wp\/v2\/pages\/3931\/revisions\/4274"}],"wp:attachment":[{"href":"https:\/\/musiqueenchemin.fr\/index.php\/wp-json\/wp\/v2\/media?parent=3931"}],"curies":[{"name":"wp","href":"https:\/\/api.w.org\/{rel}","templated":true}]}}