{"id":4111,"date":"2025-05-05T22:43:12","date_gmt":"2025-05-05T21:43:12","guid":{"rendered":"https:\/\/musiqueenchemin.fr\/?page_id=4111"},"modified":"2026-04-28T16:09:34","modified_gmt":"2026-04-28T15:09:34","slug":"saison-2026","status":"publish","type":"page","link":"https:\/\/musiqueenchemin.fr\/index.php\/saison-2026\/","title":{"rendered":"Saison 2026"},"content":{"rendered":"\n<h2 class=\"wp-block-heading has-text-align-center has-text-color has-link-color wp-elements-da059fd0af8ea28997219a1893862582\" style=\"color:#d03716;font-size:35px\"><strong><strong>Dimanche 21 juin<\/strong><\/strong><\/h2>\n\n\n\n<h1 class=\"wp-block-heading has-large-font-size\">Lune &amp; Ombre<\/h1>\n\n\n\n<h1 class=\"wp-block-heading has-medium-font-size\"><strong>Nadia Lavoyer, soprano &amp; orgue<\/strong><\/h1>\n\n\n\n<p style=\"font-size:18px\">Depuis l\u2019enfance, Nadia Lavoyer fait du chant et des claviers son espace d\u2019expression privil\u00e9gi\u00e9. Avec Lune &amp; Ombre, elle unit sa voix \u00e0 l\u2019orgue et au nyckelharpa dans un programme couvrant pr\u00e8s de mille ans de r\u00e9pertoire, qu\u2019il soit sacr\u00e9 ou profane. Elle nous entra\u00eene dans une travers\u00e9e intemporelle, entre chefs-d\u2019\u0153uvre incontournables et tr\u00e9sors m\u00e9connus, choisis pour leur force et leur beaut\u00e9.<\/p>\n\n\n\n<p style=\"font-size:25px\"><strong>17h \u2022 Chapelle Sainte Germaine (Commune de Condom) \u2022\u00a0Concert<\/strong><\/p>\n\n\n\n<div class=\"wp-block-buttons is-content-justification-center is-layout-flex wp-container-core-buttons-is-layout-16018d1d wp-block-buttons-is-layout-flex\">\n<div class=\"wp-block-button is-style-outline is-style-outline--1\"><a class=\"wp-block-button__link has-white-color has-text-color has-background has-link-color has-medium-font-size has-text-align-center has-custom-font-size wp-element-button\" style=\"background-color:#d03716\">Billetterie \u00e0 venir<\/a><\/div>\n<\/div>\n\n\n\n<hr class=\"wp-block-separator has-alpha-channel-opacity\"\/>\n\n\n\n<h2 class=\"wp-block-heading has-text-align-center has-text-color has-link-color has-large-font-size wp-elements-94be60d70657ac1e45e64ec676212aec\" style=\"color:#d03716\"><strong>Samedi 27 juin<\/strong><\/h2>\n\n\n\n<h1 class=\"wp-block-heading has-large-font-size\">Sacr\u00e9e Italie De Palestrina \u00e0 Gesualdo<\/h1>\n\n\n\n<h1 class=\"wp-block-heading has-medium-font-size\"><strong>Ch\u0153ur Ambr\u00f2sia<br>Participant.e.s du stage de l\u2019Ascension<br>Direction Fr\u00e9d\u00e9ric B\u00e9tous<\/strong><\/h1>\n\n\n\n<p style=\"font-size:18px\">Ce programme traverse la Renaissance italienne, de la clart\u00e9 polyphonique de Giovanni Pierluigi da Palestrina aux audaces expressives de Carlo Gesualdo.<br>Gesualdo \u2014 dans Aestimatus sum, O vos omnes ou Jerusalem, surge \u2014 explore les ombres du texte sacr\u00e9 par des chromatismes bouleversants. Autour d\u2019eux, Giaches de Wert et Marc\u2019Antonio Ingegneri enrichissent ce parcours d\u2019une intensit\u00e9 dramatique et d\u2019une ferveur vibrante. La musique vocale et polyphonique italienne de la Renaissance nous inspire encore grandement par la profondeur de son humanit\u00e9.<\/p>\n\n\n\n<p style=\"font-size:25px\"><strong>20h30 \u2022 Cath\u00e9drale de Lectoure \u2022\u00a0Concert<\/strong><\/p>\n\n\n\n<div class=\"wp-block-buttons is-content-justification-center is-layout-flex wp-container-core-buttons-is-layout-16018d1d wp-block-buttons-is-layout-flex\">\n<div class=\"wp-block-button is-style-outline is-style-outline--2\"><a class=\"wp-block-button__link has-white-color has-text-color has-background has-link-color has-medium-font-size has-text-align-center has-custom-font-size wp-element-button\" style=\"background-color:#d03716\">Billetterie \u00e0 venir<\/a><\/div>\n<\/div>\n\n\n\n<hr class=\"wp-block-separator has-alpha-channel-opacity\"\/>\n\n\n\n<h2 class=\"wp-block-heading has-text-align-center has-text-color has-link-color has-large-font-size wp-elements-9054c34105b3f340be8dd379371e8798\" style=\"color:#d03716\"><strong>Dimanche 28 juin<\/strong><\/h2>\n\n\n\n<h1 class=\"wp-block-heading has-large-font-size\">Sacr\u00e9e Italie De Palestrina \u00e0 Gesualdo<\/h1>\n\n\n\n<h1 class=\"wp-block-heading has-medium-font-size\"><strong>Ch\u0153ur Ambr\u00f2sia<br>Participant.e.s du stage de l\u2019Ascension<br>Direction Fr\u00e9d\u00e9ric B\u00e9tous<\/strong><\/h1>\n\n\n\n<p style=\"font-size:25px\"><strong>16h30 \u2022 Cath\u00e9drale de Condom \u2022\u00a0Concert<\/strong><\/p>\n\n\n\n<div class=\"wp-block-buttons is-content-justification-center is-layout-flex wp-container-core-buttons-is-layout-16018d1d wp-block-buttons-is-layout-flex\">\n<div class=\"wp-block-button is-style-outline is-style-outline--3\"><a class=\"wp-block-button__link has-white-color has-text-color has-background has-link-color has-medium-font-size has-text-align-center has-custom-font-size wp-element-button\" style=\"background-color:#d03716\">Billetterie \u00e0 venir<\/a><\/div>\n<\/div>\n\n\n\n<hr class=\"wp-block-separator has-alpha-channel-opacity\"\/>\n\n\n\n<h2 class=\"wp-block-heading has-text-align-center has-text-color has-link-color has-large-font-size wp-elements-c11843ede1144f3947e06e673c42586d\" style=\"color:#d03716\"><strong>Dimanche <\/strong>12 juillet<\/h2>\n\n\n\n<h1 class=\"wp-block-heading has-large-font-size\">A la lumi\u00e8re des \u00c9toiles<\/h1>\n\n\n\n<h1 class=\"wp-block-heading has-medium-font-size\">Nadia Lavoyer \/\u00a0<strong>Soprano<br><\/strong>Judith Derouin \/\u00a0<strong>Soprano<br><\/strong>Fr\u00e9d\u00e9ric B\u00e9tous \/\u00a0<strong>Alto<br><\/strong>Guillaume Guti\u00e9rrez<strong>\u00a0\/ T\u00e9nor<br><\/strong>Jeroen Bredewold<strong>\u00a0\/ Basse<\/strong><\/h1>\n\n\n\n<p style=\"font-size:18px\">Monteverdi et ses contemporains ont puis\u00e9 dans l\u2019imaginaire po\u00e9tique de leur \u00e9poque pour peindre en musique les tourments de l\u2019amour. Le symbolisme autour du regard notamment est particuli\u00e8rement pr\u00e9sent. Les yeux f\u00e9minins sont souvent compar\u00e9s aux \u00e9toiles et au soleil, ou encore \u00e0 des flammes ou \u00e0 des armes\u00a0! Ils peuvent s\u2019av\u00e9rer cruels pour l\u2019amoureux transi. Les yeux sont aussi associ\u00e9s \u00e0 la lumi\u00e8re, contempler les yeux aim\u00e9s revient alors \u00e0 se rapprocher du divin\u00a0! Concernant la symbolique de la mer, l\u2019amant (le po\u00e8te) y voit par exemple le reflet de ses \u00e9tats amoureux. Les musiciens puisaient dans ces images fortes comme \u00e0 une source, afin de traduire en gestes sonores l\u2019inqui\u00e9tude de l\u2019amant, ses incertitudes et sa douleur, ou encore la jalousie qui le tenaillent.<br>En miroir, autour de commandes \u00e0 des compositeurs et compositrices, nous nous sommes demand\u00e9s \u00e0 quel imaginaire les \u00e9toiles (et en particulier notre soleil) et la mer s\u2019inscrivent dans l\u2019imaginaire de notre \u00e9poque.<br>Le concert est mis en espace, les chanteurs alternent des effectifs \u00e0 1, 2, 3, 4 ou 5 parties.<br>Dans une dynamique tr\u00e8s vivante les chanteurs sont amen\u00e9s \u00e0 s\u2019accompagner \u00e0 l\u2019orgue, \u00e0 dire un texte ou une po\u00e9sie.<\/p>\n\n\n\n<p style=\"font-size:25px\"><strong>16h30 \u2022 Couvent de Gramat (46) \u2022\u00a0Concert<\/strong><\/p>\n\n\n\n<hr class=\"wp-block-separator has-alpha-channel-opacity\"\/>\n\n\n\n<p class=\"has-vivid-red-color has-text-color has-link-color has-medium-font-size wp-elements-6b1f30ab42af26a3bb62651bbd731158\"><strong>Pour plus d&#8217;informations ; <\/strong>09 67 81 80 78<\/p>\n","protected":false},"excerpt":{"rendered":"<p>Dimanche 21 juin Lune &amp; Ombre Nadia Lavoyer, soprano &amp; orgue Depuis l\u2019enfance, Nadia Lavoyer fait du chant et des claviers son espace d\u2019expression privil\u00e9gi\u00e9. Avec Lune &amp; Ombre, elle unit sa voix \u00e0 l\u2019orgue et au nyckelharpa dans un programme couvrant pr\u00e8s de mille ans de r\u00e9pertoire, qu\u2019il soit sacr\u00e9 ou profane. Elle nous [&hellip;]<\/p>\n","protected":false},"author":2,"featured_media":0,"parent":0,"menu_order":0,"comment_status":"closed","ping_status":"closed","template":"","meta":{"cwp_meta_box_check":"No","cwp_rev_product_name":"","cwp_rev_product_image":"","wppr_links":[],"cwp_rev_price":"","wppr_options":[],"wppr_pros":[],"wppr_cons":[],"footnotes":""},"class_list":["post-4111","page","type-page","status-publish","hentry"],"wppr_data":{"cwp_meta_box_check":"No"},"yoast_head":"<!-- This site is optimized with the Yoast SEO plugin v25.0 - https:\/\/yoast.com\/wordpress\/plugins\/seo\/ -->\n<title>Saison 2026 - Musique en Chemin<\/title>\n<meta name=\"robots\" content=\"index, follow, max-snippet:-1, max-image-preview:large, max-video-preview:-1\" \/>\n<link rel=\"canonical\" href=\"https:\/\/musiqueenchemin.fr\/index.php\/saison-2026\/\" \/>\n<meta property=\"og:locale\" content=\"fr_FR\" \/>\n<meta property=\"og:type\" content=\"article\" \/>\n<meta property=\"og:title\" content=\"Saison 2026 - Musique en Chemin\" \/>\n<meta property=\"og:description\" content=\"Dimanche 21 juin Lune &amp; Ombre Nadia Lavoyer, soprano &amp; orgue Depuis l\u2019enfance, Nadia Lavoyer fait du chant et des claviers son espace d\u2019expression privil\u00e9gi\u00e9. Avec Lune &amp; Ombre, elle unit sa voix \u00e0 l\u2019orgue et au nyckelharpa dans un programme couvrant pr\u00e8s de mille ans de r\u00e9pertoire, qu\u2019il soit sacr\u00e9 ou profane. Elle nous [&hellip;]\" \/>\n<meta property=\"og:url\" content=\"https:\/\/musiqueenchemin.fr\/index.php\/saison-2026\/\" \/>\n<meta property=\"og:site_name\" content=\"Musique en Chemin\" \/>\n<meta property=\"article:modified_time\" content=\"2026-04-28T15:09:34+00:00\" \/>\n<meta name=\"twitter:card\" content=\"summary_large_image\" \/>\n<meta name=\"twitter:label1\" content=\"Dur\u00e9e de lecture estim\u00e9e\" \/>\n\t<meta name=\"twitter:data1\" content=\"3 minutes\" \/>\n<script type=\"application\/ld+json\" class=\"yoast-schema-graph\">{\"@context\":\"https:\/\/schema.org\",\"@graph\":[{\"@type\":\"WebPage\",\"@id\":\"https:\/\/musiqueenchemin.fr\/index.php\/saison-2026\/\",\"url\":\"https:\/\/musiqueenchemin.fr\/index.php\/saison-2026\/\",\"name\":\"Saison 2026 - Musique en Chemin\",\"isPartOf\":{\"@id\":\"https:\/\/musiqueenchemin.fr\/#website\"},\"datePublished\":\"2025-05-05T21:43:12+00:00\",\"dateModified\":\"2026-04-28T15:09:34+00:00\",\"breadcrumb\":{\"@id\":\"https:\/\/musiqueenchemin.fr\/index.php\/saison-2026\/#breadcrumb\"},\"inLanguage\":\"fr-FR\",\"potentialAction\":[{\"@type\":\"ReadAction\",\"target\":[\"https:\/\/musiqueenchemin.fr\/index.php\/saison-2026\/\"]}]},{\"@type\":\"BreadcrumbList\",\"@id\":\"https:\/\/musiqueenchemin.fr\/index.php\/saison-2026\/#breadcrumb\",\"itemListElement\":[{\"@type\":\"ListItem\",\"position\":1,\"name\":\"Accueil\",\"item\":\"https:\/\/musiqueenchemin.fr\/\"},{\"@type\":\"ListItem\",\"position\":2,\"name\":\"Saison 2026\"}]},{\"@type\":\"WebSite\",\"@id\":\"https:\/\/musiqueenchemin.fr\/#website\",\"url\":\"https:\/\/musiqueenchemin.fr\/\",\"name\":\"Musique en Chemin\",\"description\":\"Saison &amp; Festival\",\"publisher\":{\"@id\":\"https:\/\/musiqueenchemin.fr\/#organization\"},\"potentialAction\":[{\"@type\":\"SearchAction\",\"target\":{\"@type\":\"EntryPoint\",\"urlTemplate\":\"https:\/\/musiqueenchemin.fr\/?s={search_term_string}\"},\"query-input\":{\"@type\":\"PropertyValueSpecification\",\"valueRequired\":true,\"valueName\":\"search_term_string\"}}],\"inLanguage\":\"fr-FR\"},{\"@type\":\"Organization\",\"@id\":\"https:\/\/musiqueenchemin.fr\/#organization\",\"name\":\"Musique en Chemin\",\"url\":\"https:\/\/musiqueenchemin.fr\/\",\"logo\":{\"@type\":\"ImageObject\",\"inLanguage\":\"fr-FR\",\"@id\":\"https:\/\/musiqueenchemin.fr\/#\/schema\/logo\/image\/\",\"url\":\"http:\/\/musiqueenchemin.fr\/wp-content\/uploads\/2024\/03\/huppe-jaune-2024.png\",\"contentUrl\":\"http:\/\/musiqueenchemin.fr\/wp-content\/uploads\/2024\/03\/huppe-jaune-2024.png\",\"width\":560,\"height\":387,\"caption\":\"Musique en Chemin\"},\"image\":{\"@id\":\"https:\/\/musiqueenchemin.fr\/#\/schema\/logo\/image\/\"}}]}<\/script>\n<!-- \/ Yoast SEO plugin. -->","yoast_head_json":{"title":"Saison 2026 - Musique en Chemin","robots":{"index":"index","follow":"follow","max-snippet":"max-snippet:-1","max-image-preview":"max-image-preview:large","max-video-preview":"max-video-preview:-1"},"canonical":"https:\/\/musiqueenchemin.fr\/index.php\/saison-2026\/","og_locale":"fr_FR","og_type":"article","og_title":"Saison 2026 - Musique en Chemin","og_description":"Dimanche 21 juin Lune &amp; Ombre Nadia Lavoyer, soprano &amp; orgue Depuis l\u2019enfance, Nadia Lavoyer fait du chant et des claviers son espace d\u2019expression privil\u00e9gi\u00e9. Avec Lune &amp; Ombre, elle unit sa voix \u00e0 l\u2019orgue et au nyckelharpa dans un programme couvrant pr\u00e8s de mille ans de r\u00e9pertoire, qu\u2019il soit sacr\u00e9 ou profane. Elle nous [&hellip;]","og_url":"https:\/\/musiqueenchemin.fr\/index.php\/saison-2026\/","og_site_name":"Musique en Chemin","article_modified_time":"2026-04-28T15:09:34+00:00","twitter_card":"summary_large_image","twitter_misc":{"Dur\u00e9e de lecture estim\u00e9e":"3 minutes"},"schema":{"@context":"https:\/\/schema.org","@graph":[{"@type":"WebPage","@id":"https:\/\/musiqueenchemin.fr\/index.php\/saison-2026\/","url":"https:\/\/musiqueenchemin.fr\/index.php\/saison-2026\/","name":"Saison 2026 - Musique en Chemin","isPartOf":{"@id":"https:\/\/musiqueenchemin.fr\/#website"},"datePublished":"2025-05-05T21:43:12+00:00","dateModified":"2026-04-28T15:09:34+00:00","breadcrumb":{"@id":"https:\/\/musiqueenchemin.fr\/index.php\/saison-2026\/#breadcrumb"},"inLanguage":"fr-FR","potentialAction":[{"@type":"ReadAction","target":["https:\/\/musiqueenchemin.fr\/index.php\/saison-2026\/"]}]},{"@type":"BreadcrumbList","@id":"https:\/\/musiqueenchemin.fr\/index.php\/saison-2026\/#breadcrumb","itemListElement":[{"@type":"ListItem","position":1,"name":"Accueil","item":"https:\/\/musiqueenchemin.fr\/"},{"@type":"ListItem","position":2,"name":"Saison 2026"}]},{"@type":"WebSite","@id":"https:\/\/musiqueenchemin.fr\/#website","url":"https:\/\/musiqueenchemin.fr\/","name":"Musique en Chemin","description":"Saison &amp; Festival","publisher":{"@id":"https:\/\/musiqueenchemin.fr\/#organization"},"potentialAction":[{"@type":"SearchAction","target":{"@type":"EntryPoint","urlTemplate":"https:\/\/musiqueenchemin.fr\/?s={search_term_string}"},"query-input":{"@type":"PropertyValueSpecification","valueRequired":true,"valueName":"search_term_string"}}],"inLanguage":"fr-FR"},{"@type":"Organization","@id":"https:\/\/musiqueenchemin.fr\/#organization","name":"Musique en Chemin","url":"https:\/\/musiqueenchemin.fr\/","logo":{"@type":"ImageObject","inLanguage":"fr-FR","@id":"https:\/\/musiqueenchemin.fr\/#\/schema\/logo\/image\/","url":"http:\/\/musiqueenchemin.fr\/wp-content\/uploads\/2024\/03\/huppe-jaune-2024.png","contentUrl":"http:\/\/musiqueenchemin.fr\/wp-content\/uploads\/2024\/03\/huppe-jaune-2024.png","width":560,"height":387,"caption":"Musique en Chemin"},"image":{"@id":"https:\/\/musiqueenchemin.fr\/#\/schema\/logo\/image\/"}}]}},"_links":{"self":[{"href":"https:\/\/musiqueenchemin.fr\/index.php\/wp-json\/wp\/v2\/pages\/4111","targetHints":{"allow":["GET"]}}],"collection":[{"href":"https:\/\/musiqueenchemin.fr\/index.php\/wp-json\/wp\/v2\/pages"}],"about":[{"href":"https:\/\/musiqueenchemin.fr\/index.php\/wp-json\/wp\/v2\/types\/page"}],"author":[{"embeddable":true,"href":"https:\/\/musiqueenchemin.fr\/index.php\/wp-json\/wp\/v2\/users\/2"}],"replies":[{"embeddable":true,"href":"https:\/\/musiqueenchemin.fr\/index.php\/wp-json\/wp\/v2\/comments?post=4111"}],"version-history":[{"count":11,"href":"https:\/\/musiqueenchemin.fr\/index.php\/wp-json\/wp\/v2\/pages\/4111\/revisions"}],"predecessor-version":[{"id":4528,"href":"https:\/\/musiqueenchemin.fr\/index.php\/wp-json\/wp\/v2\/pages\/4111\/revisions\/4528"}],"wp:attachment":[{"href":"https:\/\/musiqueenchemin.fr\/index.php\/wp-json\/wp\/v2\/media?parent=4111"}],"curies":[{"name":"wp","href":"https:\/\/api.w.org\/{rel}","templated":true}]}}